{"id":2148,"date":"2017-08-29T16:11:10","date_gmt":"2017-08-29T16:11:10","guid":{"rendered":"http:\/\/www.silentcartoons.com\/?page_id=2148"},"modified":"2017-08-29T18:30:28","modified_gmt":"2017-08-29T18:30:28","slug":"smservice","status":"publish","type":"page","link":"https:\/\/www.silentcartoons.com\/index.php\/smservice\/","title":{"rendered":"Social Media Service"},"content":{"rendered":"        \r\n                <div data-tag=\"\" class=\"services services-big text-center\">\r\n                                            <div class=\"service-box\" style=\"background-image: url(https:\/\/www.silentcartoons.com\/wp-content\/uploads\/2017\/08\/socialMedia-1-230x230.png);\">\r\n                            <div class=\"service-icon\"><i class=\"\"><\/i><\/div>\r\n                        <\/div>\r\n                                    <\/div>\r\n                                    <h1 class=\"text-center\">Social Media<\/h1>\r\n                                <div class=\"row\"><div class=\"span4 \"><br \/>\n<img decoding=\"async\" loading=\"lazy\" class=\"alignnone size-full wp-image-2155\" src=\"http:\/\/www.silentcartoons.com\/wp-content\/uploads\/2013\/09\/Ryan-Holmes.png\" alt=\"\" width=\"236\" height=\"58\" srcset=\"https:\/\/www.silentcartoons.com\/wp-content\/uploads\/2013\/09\/Ryan-Holmes.png 236w, https:\/\/www.silentcartoons.com\/wp-content\/uploads\/2013\/09\/Ryan-Holmes-230x58.png 230w\" sizes=\"(max-width: 236px) 100vw, 236px\" \/><br \/>\n<\/div><div class=\"span8 \"><br \/>\n<em>Gener\u00e1ln\u00ed \u0159editel spole\u010dnost Hootsuite Ryan Holmes uve\u0159ejnil na sv\u00e9m profilu v s\u00edti LinedIn \u00a0<a href=\"https:\/\/www.linkedin.com\/pulse\/20140827174249-2967511-6-ways-to-use-social-media-ads-to-grow-your-business\">\u0161est zp\u016fsob\u016f, jak pomoc\u00ed reklam v soci\u00e1ln\u00edch m\u00e9di\u00edch roz\u0161\u00ed\u0159it va\u0161i firmu<\/a>\u00a0.\u00a0Zde jsou jeho tipy.<\/em><br \/>\n<\/div><\/div>\n<p>&nbsp;<\/p>\n<ol>\n<li><strong>Vyu\u017eijte bezplatn\u00e9 soci\u00e1ln\u00ed m\u00e9dia k beta testov\u00e1n\u00ed placen\u00fdch reklam<\/strong><\/li>\n<\/ol>\n<p>Je pravd\u011bpodobn\u00e9, \u017ee ka\u017ed\u00fd den p\u0159id\u00e1v\u00e1te obsah na Facebook, Twitter \u00a0a Instagram &#8211; a mo\u017en\u00e1 i LinkedIn a SnapChat.\u00a0N\u011bkter\u00e9 z t\u011bchto p\u0159\u00edsp\u011bvk\u016f budou m\u00edt n\u00e1sledovn\u00edky, jin\u00e9 nebudou.\u00a0Sledujte, kter\u00e9 p\u0159\u00edsp\u011bvky jsou kliknuty, obl\u00edben\u00e9, sd\u00edlen\u00e9 a komentovan\u00e9.\u00a0Tyto p\u0159\u00edsp\u011bvky jsou pak nejlep\u0161\u00edmi kandid\u00e1ty pro reklamu.<\/p>\n<ol start=\"2\">\n<li><strong> Vyu\u017eijte funkce c\u00edlen\u00ed<\/strong><\/li>\n<\/ol>\n<p>Tradi\u010dn\u00ed reklamy jsou mnohdy ne\u00fa\u010dinn\u00e9.\u00a0Jednou z mnoha p\u0159\u00ednos\u016f reklamy na soci\u00e1ln\u00edch m\u00e9di\u00edch je to, \u017ee soci\u00e1ln\u00ed platformy nab\u00edzej\u00ed velmi \u00fa\u010dinn\u00e9 schopnosti zam\u011b\u0159it se na \u0159e\u0161en\u00ed tohoto probl\u00e9mu.\u00a0Vyu\u017eijte tohoto velmi u\u017eite\u010dn\u00e9ho c\u00edlen\u00ed pro v\u011bt\u0161\u00ed efektivitu reklamy.<\/p>\n<ol start=\"3\">\n<li><strong> Opakujte reklamy \u010dasto<\/strong><\/li>\n<\/ol>\n<p>I kdy\u017e se to zd\u00e1 nep\u0159\u00edjemn\u00e9 kdy\u017e vid\u00edte tut\u00e9\u017e televizn\u00ed reklamu v ka\u017ed\u00e9 reklamn\u00ed p\u0159est\u00e1vce, opakov\u00e1n\u00ed je efektivn\u00ed zp\u016fsob, jak poslouchat zpr\u00e1vy doma pomoc\u00ed jednosm\u011brn\u00e9 komunikace.\u00a0Ale na reklamn\u00edch kan\u00e1lech, kde je kl\u00ed\u010dov\u00e9 zapojen\u00ed u\u017eivatel\u016f a reklamy se zobrazuj\u00ed p\u0159\u00edmo v\u00a0jejich kan\u00e1lech u\u017eivatel\u016f, je \u010derstv\u00fd obsah to, o\u010d tu b\u011b\u017e\u00ed.\u00a0Proto nadm\u011brn\u011b se opakuj\u00edc\u00ed zas\u00edl\u00e1n\u00ed zpr\u00e1v m\u016f\u017ee skon\u010dit t\u00edm, \u017ee v\u00edce ztrat\u00edte, ne\u017e z\u00edsk\u00e1te.\u00a0Odborn\u00edci na tuto problematiku zjistili, \u017ee nejlep\u0161\u00ed praxe je st\u0159\u00edd\u00e1n\u00ed reklam ka\u017ed\u00e9 t\u0159i a\u017e p\u011bt dn\u00ed.<\/p>\n<ol start=\"4\">\n<li><strong> Otestujte text a obr\u00e1zky pou\u017e\u00edvan\u00e9 ve va\u0161ich reklam\u00e1ch na mal\u00fdch vzorc\u00edch<\/strong><\/li>\n<\/ol>\n<p>Jednou ze skv\u011bl\u00fdch ctnost\u00ed soci\u00e1ln\u00edch reklam je okam\u017eit\u00e1 zp\u011btn\u00e1 vazba.\u00a0M\u016f\u017eete posoudit \u00fa\u010dinnost sponzorovan\u00e9ho p\u0159\u00edsp\u011bvku b\u011bhem n\u011bkolika minut a sledovat pokro\u010dil\u00e9 analytick\u00e9 zpr\u00e1vy.\u00a0Nejlep\u0161\u00edm postupem je vyzkou\u0161et n\u011bkolik verz\u00ed reklamy s mal\u00fdm publikem, abyste zjistili, co funguje nejl\u00e9pe, a pak pou\u017eijte v hlavn\u00ed kampani v\u00edt\u011bznou reklamu.<\/p>\n<ol start=\"5\">\n<li><strong> Pochopte, jak se reklamy prod\u00e1vaj\u00ed v r\u016fzn\u00fdch s\u00edt\u00edch<\/strong><\/li>\n<\/ol>\n<p>Nezapome\u0148te, \u017ee udr\u017eov\u00e1n\u00ed rozpo\u010dtu reklamy pro soci\u00e1ln\u00ed m\u00e9dia pod kontrolou znamen\u00e1 p\u0159em\u00fd\u0161let o tom, zda vytv\u00e1\u0159\u00edte reklamn\u00ed kampa\u0148 zalo\u017eenou na zobrazen\u00edch nebo zak\u00e1zk\u00e1ch.<\/p>\n<ol start=\"6\">\n<li><strong> Navrhujte reklamy s ohledem na mobiln\u00ed za\u0159\u00edzen\u00ed<\/strong><\/li>\n<\/ol>\n<p>V\u00edce ne\u017e\u00a080 procent u\u017eivatel\u016f v roce 2016 p\u0159istupovalo \u00a0k soci\u00e1ln\u00edm m\u00e9di\u00edm na soci\u00e1ln\u00edch s\u00edt\u00ed\u00a0 pomoc\u00ed mobiln\u00edho za\u0159\u00edzen\u00ed. To znamen\u00e1, \u017ee v\u011bt\u0161ina reklam je zobrazov\u00e1na pr\u00e1v\u011b mobiln\u00edch za\u0159\u00edzen\u00edch.\u00a0Va\u0161e mobiln\u00ed reklamy by proto m\u011bly b\u00fdt speci\u00e1ln\u011b navr\u017eeny pro malou obrazovku a obsahovat obr\u00e1zky, kter\u00e9 lze snadno prohl\u00ed\u017eet na kapesn\u00edm za\u0159\u00edzen\u00ed.<br \/>\n<div class=\"row\"><div class=\"span2 \"><\/p>\n<p><img decoding=\"async\" loading=\"lazy\" class=\"alignnone size-medium wp-image-1832\" src=\"http:\/\/www.silentcartoons.com\/wp-content\/uploads\/2017\/08\/vertsfilm-300x300.jpg\" alt=\"\" width=\"300\" height=\"300\" srcset=\"https:\/\/www.silentcartoons.com\/wp-content\/uploads\/2017\/08\/vertsfilm-300x300.jpg 300w, https:\/\/www.silentcartoons.com\/wp-content\/uploads\/2017\/08\/vertsfilm-150x150.jpg 150w, https:\/\/www.silentcartoons.com\/wp-content\/uploads\/2017\/08\/vertsfilm-768x768.jpg 768w, https:\/\/www.silentcartoons.com\/wp-content\/uploads\/2017\/08\/vertsfilm-55x55.jpg 55w, https:\/\/www.silentcartoons.com\/wp-content\/uploads\/2017\/08\/vertsfilm-480x480.jpg 480w, https:\/\/www.silentcartoons.com\/wp-content\/uploads\/2017\/08\/vertsfilm-312x312.jpg 312w, https:\/\/www.silentcartoons.com\/wp-content\/uploads\/2017\/08\/vertsfilm-230x230.jpg 230w, https:\/\/www.silentcartoons.com\/wp-content\/uploads\/2017\/08\/vertsfilm-110x110.jpg 110w, https:\/\/www.silentcartoons.com\/wp-content\/uploads\/2017\/08\/vertsfilm.jpg 960w\" sizes=\"(max-width: 300px) 100vw, 300px\" \/><\/p>\n<p><\/div><div class=\"span10 \"><\/p>\n<h4><strong>A pr\u00e1v\u011b v\u00a0tomto je na\u0161e specializace. Vyrob\u00edme V\u00e1m opravdu kreativn\u00ed animovanou reklamu, ve form\u00e1tu \u201eNa v\u00fd\u0161ku\u201c kter\u00e9 m\u00e1 a\u017e dev\u011btkr\u00e1t v\u00edce dokon\u010den\u00fdch zobrazen\u00ed ne\u017e horizont\u00e1ln\u00ed video reklamy. Vertik\u00e1ln\u00ed video toti\u017e p\u0159evezme celou obrazovku u\u017eivatele, co\u017e jej motivuje, aby otev\u0159el reklamu a z\u00edskal tak pln\u00fd audiovizu\u00e1ln\u00ed z\u00e1\u017eitek.\u00a0U horizont\u00e1ln\u00edch vide\u00ed m\u016f\u017ee mobiln\u00ed u\u017eivatel st\u00e1le vid\u011bt dal\u0161\u00ed novinky a p\u0159\u00edsp\u011bvky pod va\u0161\u00ed reklamou co\u017e odv\u00e1d\u00ed jeho pozornost.\u00a0Teprve s vyu\u017eit\u00edm vertik\u00e1ln\u00edho videa je mo\u017en\u00e9 je pln\u011b pono\u0159it, se 100% pozornost\u00ed na va\u0161i reklamu &#8211; a to i na n\u011bkolik sekund.<\/strong><\/h4>\n<p><\/div><\/div><\/p>\n                           \r\n<\/div>\r\n<div class=\"backgrounded fastFadeFromTop inverse\" style=\"background-color: #5ac6ff;\">\r\n    <div class=\"container\">\r\n        <\/p>\n<h2><strong><img decoding=\"async\" loading=\"lazy\" class=\"alignnone wp-image-2085\" src=\"http:\/\/www.silentcartoons.com\/wp-content\/uploads\/2017\/08\/socialMedia-1.png\" alt=\"\" width=\"50\" height=\"50\" srcset=\"https:\/\/www.silentcartoons.com\/wp-content\/uploads\/2017\/08\/socialMedia-1.png 300w, https:\/\/www.silentcartoons.com\/wp-content\/uploads\/2017\/08\/socialMedia-1-150x150.png 150w, https:\/\/www.silentcartoons.com\/wp-content\/uploads\/2017\/08\/socialMedia-1-55x55.png 55w, https:\/\/www.silentcartoons.com\/wp-content\/uploads\/2017\/08\/socialMedia-1-230x230.png 230w, https:\/\/www.silentcartoons.com\/wp-content\/uploads\/2017\/08\/socialMedia-1-110x110.png 110w\" sizes=\"(max-width: 50px) 100vw, 50px\" \/><\/strong><strong>Soci\u00e1ln\u00ed m\u00e9dia a reklama<\/strong><\/h2>\n<p>Nen\u00ed \u017e\u00e1dn\u00fdm tajemstv\u00edm, \u017ee se digit\u00e1ln\u00ed reklama stala kl\u00ed\u010dovou sou\u010d\u00e1st\u00ed v\u011bt\u0161iny marketingov\u00fdch kampan\u00ed.\u00a0A pravd\u011bpodobn\u011b tak\u00e9 nen\u00ed p\u0159ekvapen\u00edm, \u017ee Facebook je jedn\u00edm z nejv\u011bt\u0161\u00edch hr\u00e1\u010d\u016f v oblasti digit\u00e1ln\u00ed reklamy, co\u017e nazna\u010duje, \u017ee reklama v soci\u00e1ln\u00edch m\u00e9di\u00edch je p\u0159edn\u00ed a st\u0159edovou sou\u010d\u00e1st\u00ed digit\u00e1ln\u00edho reklamn\u00edho sv\u011bta.<br \/>\nP\u0159\u00edjmy z\u00a0reklamy Facebooku byly ve t\u0159et\u00edm \u010dtvrtlet\u00ed roku 2016\u00a0v\u00edce ne\u017e 6,8 miliardy USD.\u00a0Ale ani ostatn\u00ed soci\u00e1ln\u00ed s\u00edt\u011b nejsou pozadu, proto\u017ee Twitter\u00a0ve stejn\u00e9m obdob\u00ed\u00a0p\u0159in\u00e1\u0161\u00ed 545 milion\u016f dolar\u016f do p\u0159\u00edjm\u016f z reklamy.\u00a0Spole\u010dnost Snapchat\u00a0v roce 2016 utr\u017eila\u00a0367 milion\u016f dolar\u016f\u00a0z reklamy pot\u00e9, co spustila reklamn\u00ed platformu p\u0159ed v\u00edce ne\u017e rokem.\u00a0Celkov\u00e9 v\u00fddaje na soci\u00e1ln\u00ed reklamu v roce 2016 by m\u011bly dos\u00e1hnout\u00a032,97 miliardy dolar\u016f.\u00a0Pokud jde o n\u00e1vratnost investic, v\u00edce ne\u017e\u00a095 procent mana\u017eer\u016f soci\u00e1ln\u00edch m\u00e9di\u00ed tvrd\u00ed, \u017ee spole\u010dnost Facebook nab\u00edz\u00ed nejlep\u0161\u00ed n\u00e1vratnost, po n\u00ed\u017e n\u00e1sleduj\u00ed Twitter a Instagram.<\/p>\n<p>    <\/div>\r\n<\/div>\r\n<div class=\"container fastFadeFromTop\">\r\n\n<h2><strong>Co je reklama v soci\u00e1ln\u00edch m\u00e9di\u00edch?<\/strong><\/h2>\n<p>Jednodu\u0161e reklama v soci\u00e1ln\u00edch m\u00e9di\u00edch je jak\u00fdkoli placen\u00fd obsah v s\u00edti soci\u00e1ln\u00edch m\u00e9di\u00ed.\u00a0Mo\u017enosti vych\u00e1zej\u00ed z jednor\u00e1zov\u00e9ho pov\u00fd\u0161en\u00ed jak\u00e9hokoliv p\u0159\u00edsp\u011bvku na placenou reklamn\u00ed kampa\u0148. Ka\u017ed\u00e1 soci\u00e1ln\u00ed s\u00ed\u0165 pak nab\u00edz\u00ed r\u016fzn\u00e9 mo\u017enosti (viz d\u00e1le).<\/p>\n<p><div class=\"accordion\" id=\"supernova1\"><\/div>    <div class=\"accordion-group\">\r\n        <div class=\"accordion-heading active\">\r\n            <a class=\"accordion-toggle\" data-toggle=\"collapse\" data-parent=\"#supernova1\" href=\"#supernova2\">\r\n                <strong>Facebook<\/strong>            <\/a>\r\n        <\/div>\r\n        <div id=\"supernova2\" class=\"accordion-body in collapse\">\r\n            <div class=\"accordion-inner\">\r\n                <\/p>\n<h2><strong><img decoding=\"async\" loading=\"lazy\" class=\"alignnone size-full wp-image-1555\" src=\"http:\/\/www.silentcartoons.com\/wp-content\/uploads\/2017\/08\/facebook-dreamstale25.png\" alt=\"\" width=\"50\" height=\"50\" srcset=\"https:\/\/www.silentcartoons.com\/wp-content\/uploads\/2017\/08\/facebook-dreamstale25.png 96w, https:\/\/www.silentcartoons.com\/wp-content\/uploads\/2017\/08\/facebook-dreamstale25-55x55.png 55w\" sizes=\"(max-width: 50px) 100vw, 50px\" \/>Facebook a Video reklama<\/strong><\/h2>\n<h3>Typy reklam \u2013 podpora Vertik\u00e1ln\u00edho videa<\/h3>\n<p><strong>Facebook \u2013<\/strong> Vertik\u00e1ln\u00ed videa podporuje, \u00a0publikuje bez \u010dern\u00e9ho ohrani\u010den\u00ed, po\u017eadovan\u00fd pom\u011br stran z\u00e1vis\u00ed na c\u00edli kampan\u011b, ale obvykle pracuje 16: 9.<\/p>\n<ul>\n<li><strong>Video reklama<\/strong>\u00a0m\u00e1 obecn\u011b stejn\u00e9 mo\u017enosti fotografick\u00e1 reklama.\u00a0Po\u017eadovan\u00fd pom\u011br stran z\u00e1vis\u00ed na c\u00edli kampan\u011b, ale obvykle pracuje 16: 9 nebo 1: 1.<\/li>\n<li><strong>Z\u00e1kladn\u00ed str\u00e1nka<\/strong>\u00a0je celoobrazovkov\u00fd mobiln\u00ed reklamn\u00ed typ, kter\u00fd kombinuje videa, fotografie a tla\u010d\u00edtka pro dal\u0161\u00ed odkazy.<\/li>\n<\/ul>\n<h3>Publikum a c\u00edlen\u00ed<\/h3>\n<p>Facebook nab\u00edz\u00ed rozs\u00e1hl\u00e9 mo\u017enosti c\u00edlen\u00ed a v\u00fdb\u011br nejlep\u0161\u00edho c\u00edlov\u00e9ho publika \u010d\u00edm\u017e maximalizuje hodnotu va\u0161ich reklamn\u00edch v\u00fddaj\u016f.<br \/>\nM\u016f\u017eete c\u00edlit reklamu na z\u00e1klad\u011b polohy, v\u011bku, pohlav\u00ed a jazyka.\u00a0Pot\u00e9 se m\u016f\u017eete pono\u0159it do detailn\u00edch mo\u017enost\u00ed c\u00edlen\u00ed ve slu\u017eb\u011b Facebook:<\/p>\n<ul>\n<li><strong>Demografick\u00e9 \u00fadaje<\/strong> umo\u017e\u0148uj\u00ed filtrov\u00e1n\u00ed dev\u00edti demografick\u00fdch kategori\u00ed: vzd\u011bl\u00e1n\u00ed, etnick\u00e1 p\u0159\u00edbuznost, generace, slo\u017een\u00ed dom\u00e1cnosti, \u017eivotn\u00ed ud\u00e1losti, rodi\u010dovstv\u00ed, politika (pouze v USA), vztah a pr\u00e1ce.<\/li>\n<li><strong>Z\u00e1jmy\u00a0<\/strong>spojuje mnoho z\u00e1jm\u016f, kter\u00e9 u\u017eivatel\u00e9 Facebooku nazna\u010duj\u00ed prost\u0159ednictv\u00edm sv\u00e9 \u010dinnosti v oblasti soci\u00e1ln\u00edch m\u00e9di\u00ed do dev\u00edti hlavn\u00edch kategori\u00ed: podnik\u00e1n\u00ed a pr\u016fmysl, z\u00e1bava, rodina a vztahy, fitness a wellness, j\u00eddlo a pit\u00ed, kon\u00ed\u010dky a aktivity, n\u00e1kupy a m\u00f3da, sporty a venku. technika.\u00a0Ka\u017ed\u00e1 z nich m\u00e1 n\u011bkolik podkategori\u00ed, tak\u017ee m\u016f\u017eete do c\u00edle c\u00edtit docela hluboko.<\/li>\n<li><strong>Chov\u00e1n\u00ed\u00a0<\/strong>v\u00e1m umo\u017e\u0148uje filtrov\u00e1n\u00ed u\u017eivatel\u016f na z\u00e1klad\u011b jejich chov\u00e1n\u00ed na Facebooku a informac\u00ed, kter\u00e9 Facebook shroma\u017e\u010fuje od partner\u016f.<\/li>\n<\/ul>\n<p>M\u016f\u017eete tak\u00e9 vylou\u010dit osoby, se kter\u00fdmi jste na Facebooku spojen\u00ed, stejn\u011b tak jako p\u0159\u00e1tel\u00e9 t\u011bchto lid\u00ed.<br \/>\n            <\/div>\r\n        <\/div>\r\n    <\/div>    \r\n    <div class=\"accordion-group\">\r\n        <div class=\"accordion-heading \">\r\n            <a class=\"accordion-toggle\" data-toggle=\"collapse\" data-parent=\"#supernova1\" href=\"#supernova3\">\r\n                <strong>Twiter<\/strong>            <\/a>\r\n        <\/div>\r\n        <div id=\"supernova3\" class=\"accordion-body  collapse\">\r\n            <div class=\"accordion-inner\">\r\n                <\/p>\n<h2><strong><img decoding=\"async\" loading=\"lazy\" class=\"alignnone size-full wp-image-1564\" src=\"http:\/\/www.silentcartoons.com\/wp-content\/uploads\/2017\/08\/twitter-dreamstale71.png\" alt=\"\" width=\"50\" height=\"50\" srcset=\"https:\/\/www.silentcartoons.com\/wp-content\/uploads\/2017\/08\/twitter-dreamstale71.png 96w, https:\/\/www.silentcartoons.com\/wp-content\/uploads\/2017\/08\/twitter-dreamstale71-55x55.png 55w\" sizes=\"(max-width: 50px) 100vw, 50px\" \/>Twitter a Video reklama<\/strong><\/h2>\n<h3>Typy reklam \u2013 podpora Vertik\u00e1ln\u00edho videa<\/h3>\n<p><strong>Twitter \u2013<\/strong> Vertik\u00e1ln\u00ed videa podporuje, \u00a0publikuje bez \u010dern\u00e9ho ohrani\u010den\u00ed, po\u017eadovan\u00fd pom\u011br stran z\u00e1vis\u00ed na c\u00edli kampan\u011b, ale obvykle pracuje 16: 9.<\/p>\n<ul>\n<li><strong>Propagovan\u00e9 Tweety<\/strong> jsou zpr\u00e1vy, kter\u00e9 se objev\u00ed p\u0159\u00edmo v \u010dasov\u00fdch horizontech u\u017eivatel\u016f Twitter, na kter\u00e9 c\u00edl\u00edte v ur\u010ditou dobu.<\/li>\n<li><strong>Propagovan\u00fd \u00fa\u010det<\/strong> je reklama, kter\u00e1 vyz\u00fdv\u00e1 c\u00edlen\u00e9 u\u017eivatele Twitteru, aby sledovali va\u0161i zna\u010dku.<\/li>\n<\/ul>\n<h3>Publikum a c\u00edlen\u00ed<\/h3>\n<p>Twitter umo\u017e\u0148uje c\u00edlen\u00ed na vysok\u00e9 \u00farovni na z\u00e1klad\u011b polohy (zem\u011b, st\u00e1tu, regionu, oblasti nebo po\u0161tovn\u00edho sm\u011brovac\u00edho \u010d\u00edsla), pohlav\u00ed, jazyk\u016f, za\u0159\u00edzen\u00ed, platformy a dokonce i oper\u00e1tora. Podrobn\u011bj\u0161\u00ed mo\u017enosti c\u00edlen\u00ed v\u00e1m umo\u017e\u0148uj\u00ed zam\u011b\u0159it sv\u00e9 publikum podle kl\u00ed\u010dov\u00fdch slov, kter\u00e9 Tweetuj\u00ed, jejich z\u00e1jm\u016f (podle kategorie nebo na z\u00e1klad\u011b u\u017eivatelsk\u00fdch jmen u\u017eivatel\u016f Twitter, kter\u00e9 zt\u011bles\u0148uj\u00ed z\u00e1jmy po\u017eadovan\u00e9ho publika), konkr\u00e9tn\u00edch televizn\u00edch po\u0159ad\u016f o kter\u00fdch hovo\u0159\u00ed jejich z\u00e1jmu o konkr\u00e9tn\u00ed ud\u00e1losti.<\/p>\n<p>M\u016f\u017eete tak\u00e9 nahr\u00e1t konkr\u00e9tn\u00ed seznamy lid\u00ed (nap\u0159. Seznam e-mail\u016f) za \u00fa\u010delem c\u00edlen\u00ed s reklamami nebo c\u00edlen\u00ed na lidi, kte\u0159\u00ed se podobaj\u00ed va\u0161\u00ed z\u00e1kladn\u011b sledovatel\u016f.<\/p>\n<p>            <\/div>\r\n        <\/div>\r\n    <\/div>    \r\n    <div class=\"accordion-group\">\r\n        <div class=\"accordion-heading \">\r\n            <a class=\"accordion-toggle\" data-toggle=\"collapse\" data-parent=\"#supernova1\" href=\"#supernova4\">\r\n                <strong>Instagram<\/strong>            <\/a>\r\n        <\/div>\r\n        <div id=\"supernova4\" class=\"accordion-body  collapse\">\r\n            <div class=\"accordion-inner\">\r\n                <\/p>\n<h2><strong><img decoding=\"async\" loading=\"lazy\" class=\"alignnone wp-image-1558\" src=\"http:\/\/www.silentcartoons.com\/wp-content\/uploads\/2017\/08\/instagram-dreamstale43.png\" alt=\"\" width=\"50\" height=\"50\" srcset=\"https:\/\/www.silentcartoons.com\/wp-content\/uploads\/2017\/08\/instagram-dreamstale43.png 96w, https:\/\/www.silentcartoons.com\/wp-content\/uploads\/2017\/08\/instagram-dreamstale43-55x55.png 55w\" sizes=\"(max-width: 50px) 100vw, 50px\" \/>Instagram a Video reklama<\/strong><\/h2>\n<h3>Typy reklam\u00a0 \u2013 podpora Vertik\u00e1ln\u00edho videa<\/h3>\n<p><strong>Instagram \u2013<\/strong> Vertik\u00e1ln\u00ed videa podporuje, \u00a0publikuje bez \u010dern\u00e9ho ohrani\u010den\u00ed, po\u017eadovan\u00fd pom\u011br stran z\u00e1vis\u00ed na c\u00edli kampan\u011b, ale obvykle pracuje 16: 9.<\/p>\n<ul>\n<li><strong>Videoreklama \u00a0<\/strong>m\u00e1 obecn\u011b stejn\u00e9 mo\u017enosti fotografick\u00e1 reklama.\u00a0Po\u017eadovan\u00fd pom\u011br stran z\u00e1vis\u00ed na c\u00edli kampan\u011b, ale obvykle pracuje 16: 9 nebo 1: 1.<\/li>\n<\/ul>\n<h3>Publikum a c\u00edlen\u00ed<\/h3>\n<p>Reklamy Instagram nab\u00edzej\u00ed stejnou mo\u017enost c\u00edlen\u00ed na publikum jako reklamy ve slu\u017eb\u011b Facebook, kter\u00e9 byly pops\u00e1ny v\u00fd\u0161e.\u00a0M\u011bjte v\u0161ak na pam\u011bti, \u017ee demografick\u00e9 \u00fadaje u\u017eivatel\u016f Instagram se obecn\u011b li\u0161\u00ed od u\u017eivatel\u016f u\u017eivatel\u016f Facebooku.\u00a0Nejv\u011bt\u0161\u00ed demografickou skupinou u\u017eivatel\u016f Instagram jsou\u00a0mlad\u00e9 m\u011bstsk\u00e9 \u017eeny (ve v\u011bku od 18 do 29 let)\u00a0.<\/p>\n<p>            <\/div>\r\n        <\/div>\r\n    <\/div>    \r\n    <div class=\"accordion-group\">\r\n        <div class=\"accordion-heading \">\r\n            <a class=\"accordion-toggle\" data-toggle=\"collapse\" data-parent=\"#supernova1\" href=\"#supernova5\">\r\n                <strong>LinkedIn<\/strong>            <\/a>\r\n        <\/div>\r\n        <div id=\"supernova5\" class=\"accordion-body  collapse\">\r\n            <div class=\"accordion-inner\">\r\n                <\/p>\n<h2><strong>\u00a0<\/strong><strong><img decoding=\"async\" loading=\"lazy\" class=\"alignnone wp-image-1561\" src=\"http:\/\/www.silentcartoons.com\/wp-content\/uploads\/2017\/08\/linkedin-dreamstale45.png\" alt=\"\" width=\"50\" height=\"50\" srcset=\"https:\/\/www.silentcartoons.com\/wp-content\/uploads\/2017\/08\/linkedin-dreamstale45.png 96w, https:\/\/www.silentcartoons.com\/wp-content\/uploads\/2017\/08\/linkedin-dreamstale45-55x55.png 55w\" sizes=\"(max-width: 50px) 100vw, 50px\" \/>LinkedIn reklama<\/strong><\/h2>\n<h3>Typy reklam &#8211; podpora Vertik\u00e1ln\u00edho videa<\/h3>\n<p><strong>LinkedIn \u2013<\/strong> Vertik\u00e1ln\u00ed videa podporuje, \u00a0publikuje bez \u010dern\u00e9ho ohrani\u010den\u00ed, po\u017eadovan\u00fd pom\u011br stran z\u00e1vis\u00ed na c\u00edli kampan\u011b, ale obvykle pracuje 16: 9.<\/p>\n<ul>\n<li><strong>Sponzorovan\u00fd obsah:<\/strong>V\u00e1\u0161 obsah se objev\u00ed v \u010dasov\u00fdch os\u00e1ch LinkedIn va\u0161eho c\u00edlov\u00e9ho publika.<\/li>\n<li><strong>Dynamick\u00e9 reklamy:<\/strong>Tyto reklamy se tak\u00e9 zobrazuj\u00ed v prav\u00e9m sloupci, ale obsahuj\u00ed form\u00e1ty grafick\u00fdch reklamn\u00edch jednotek.<\/li>\n<\/ul>\n<h3>Publikum a c\u00edlen\u00ed<\/h3>\n<p>Zam\u011b\u0159en\u00ed LinkedIn je velmi dobr\u00e9 pro c\u00edlen\u00ed na zam\u011bstnance a firmy (jedna z\u00a0m\u00e1la mo\u017enost\u00ed reklamy B2B na soci\u00e1ln\u00edch s\u00edt\u00edch v\u016fbec).\u00a0M\u016f\u017eete si ur\u010dit na koho chcete reklamu c\u00edlit na z\u00e1klad\u011b odv\u011btv\u00ed v n\u011bm\u017e pracuj\u00ed, pozice a seniority, kde pracuj\u00ed, jak velk\u00fd je jejich zam\u011bstnavatel a tak d\u00e1le.\u00a0V\u00fdsledkem je, \u017ee LinkedIn je mimo\u0159\u00e1dn\u011b efektivn\u00ed pro B2B marketing a reklamu souvisej\u00edc\u00ed s prac\u00ed.<\/p>\n<p>Je-li zvolen\u00e9 publikum p\u0159\u00edli\u0161 velk\u00e9 nebo naopak p\u0159\u00edli\u0161 mal\u00e9, nemus\u00ed v\u017edy fungovat reklama dob\u0159e. Tak\u017ee testov\u00e1n\u00ed c\u00edlen\u00ed na publikum s n\u011bkolika reklamami by m\u011blo b\u00fdt pro v\u00e1s spr\u00e1vnou cestou.<\/p>\n<p>            <\/div>\r\n        <\/div>\r\n    <\/div>    \r\n    <div class=\"accordion-group\">\r\n        <div class=\"accordion-heading \">\r\n            <a class=\"accordion-toggle\" data-toggle=\"collapse\" data-parent=\"#supernova1\" href=\"#supernova6\">\r\n                <b>Snapchat<\/b>            <\/a>\r\n        <\/div>\r\n        <div id=\"supernova6\" class=\"accordion-body  collapse\">\r\n            <div class=\"accordion-inner\">\r\n                <\/p>\n<h2><strong><img decoding=\"async\" loading=\"lazy\" class=\"alignnone wp-image-2152\" src=\"http:\/\/www.silentcartoons.com\/wp-content\/uploads\/2013\/09\/snapchat-logo.png\" alt=\"\" width=\"50\" height=\"50\" srcset=\"https:\/\/www.silentcartoons.com\/wp-content\/uploads\/2013\/09\/snapchat-logo.png 200w, https:\/\/www.silentcartoons.com\/wp-content\/uploads\/2013\/09\/snapchat-logo-150x150.png 150w, https:\/\/www.silentcartoons.com\/wp-content\/uploads\/2013\/09\/snapchat-logo-55x55.png 55w, https:\/\/www.silentcartoons.com\/wp-content\/uploads\/2013\/09\/snapchat-logo-110x110.png 110w\" sizes=\"(max-width: 50px) 100vw, 50px\" \/>Snapchat reklama<\/strong><\/h2>\n<h3>Typy reklam &#8211; podpora Vertik\u00e1ln\u00edho videa<\/h3>\n<p><strong>Snapchat \u2013<\/strong> Vertik\u00e1ln\u00ed videa podporuje (je jedn\u00edm z\u00a0pr\u016fkopn\u00edk\u016f pou\u017e\u00edv\u00e1n\u00ed vertik\u00e1ln\u00edch vide\u00ed na soci\u00e1ln\u00edch s\u00edt\u00edch), \u00a0publikuje bez \u010dern\u00e9ho ohrani\u010den\u00ed, po\u017eadovan\u00fd pom\u011br stran z\u00e1vis\u00ed na c\u00edli kampan\u011b, ale obvykle pracuje 16: 9.<\/p>\n<ul>\n<li><strong>Snapov\u00e9 reklamy\u00a0<\/strong>jsou videoreklamy, kter\u00e9 se zobrazuj\u00ed mezi p\u0159\u00edb\u011bhy.\u00a0U\u017eivatel\u00e9 mohou p\u0159ejet prstem nahoru po obrazovce, aby odhalili roz\u0161\u00ed\u0159en\u00fd obsah, nap\u0159\u00edklad del\u0161\u00ed video, \u010dl\u00e1nek, reklamu nebo webov\u00e9 str\u00e1nky.<\/li>\n<\/ul>\n<p>Pro tuto chv\u00edli je jedinou volbou samoobslu\u017en\u00e9 reklamy mo\u017enost Geofilters kter\u00e1 je na vy\u017e\u00e1d\u00e1n\u00ed. Pro v\u0161echny dal\u0161\u00ed mo\u017enosti inzerce je nutn\u00e9 kontaktovat p\u0159\u00edmo Snapchat\u00a0.<\/p>\n<h3>Publikum a c\u00edlen\u00ed<\/h3>\n<p>Pokud se jedn\u00e1 o slu\u017ebu Geofiltre, jsou jedin\u00fdmi mo\u017enostmi c\u00edlen\u00ed data, ke kter\u00fdm chcete spustit reklamu a geografickou oblast, kterou chcete pokr\u00fdt.\u00a0Ale geotargeting m\u016f\u017eete z\u00edskat na hyper-m\u00edstn\u00ed: oblast, ve kter\u00e9 je v\u00e1\u0161 Geofilter k dispozici, se m\u016f\u017ee pohybovat od minim\u00e1ln\u011b 20 000 do maxim\u00e1ln\u011b 5 milion\u016f \u010dtvere\u010dn\u00edch stop. M\u011bli byste m\u00edt na\u00a0pam\u011bti\u00a0kdy\u017e p\u0159em\u00fd\u0161l\u00edte o reklam\u011b na t\u00e9to soci\u00e1ln\u00ed platform\u011b \u017ee obecn\u00e9\u00a0publikum Snapchat\u00a0tvo\u0159\u00ed\u00a060 procent u\u017eivatel\u016f, kte\u0159\u00ed jsou mlad\u0161\u00edch 25 let\u00a0.<br \/>\n            <\/div>\r\n        <\/div>\r\n    <\/div>    \r\n<\/p>\n            \n","protected":false},"excerpt":{"rendered":"","protected":false},"author":1,"featured_media":0,"parent":0,"menu_order":0,"comment_status":"closed","ping_status":"closed","template":"","meta":[],"aioseo_notices":[],"_links":{"self":[{"href":"https:\/\/www.silentcartoons.com\/index.php\/wp-json\/wp\/v2\/pages\/2148"}],"collection":[{"href":"https:\/\/www.silentcartoons.com\/index.php\/wp-json\/wp\/v2\/pages"}],"about":[{"href":"https:\/\/www.silentcartoons.com\/index.php\/wp-json\/wp\/v2\/types\/page"}],"author":[{"embeddable":true,"href":"https:\/\/www.silentcartoons.com\/index.php\/wp-json\/wp\/v2\/users\/1"}],"replies":[{"embeddable":true,"href":"https:\/\/www.silentcartoons.com\/index.php\/wp-json\/wp\/v2\/comments?post=2148"}],"version-history":[{"count":4,"href":"https:\/\/www.silentcartoons.com\/index.php\/wp-json\/wp\/v2\/pages\/2148\/revisions"}],"predecessor-version":[{"id":2160,"href":"https:\/\/www.silentcartoons.com\/index.php\/wp-json\/wp\/v2\/pages\/2148\/revisions\/2160"}],"wp:attachment":[{"href":"https:\/\/www.silentcartoons.com\/index.php\/wp-json\/wp\/v2\/media?parent=2148"}],"curies":[{"name":"wp","href":"https:\/\/api.w.org\/{rel}","templated":true}]}}